20, 20 = 5*y - 4*k. What is the units digit of y/(-6) + (-79160)/(-120)?
9
Suppose 63*k - 80*k = -425. Suppose -3*r + 255 = t + k, 4*r + 8 = 0. What is the units digit of t?
6
Suppose 4*p + 5824 = 32032. What is the units digit of p/45 + 2 - 2/(-5)?
8
What is the units digit of -23 + 11 + 3404 - -8?
0
Let x(y) be the third derivative of 0*y - 7*y**2 + 1/120*y**6 - 1/6*y**5 + 0 + 2/3*y**3 + 1/3*y**4. What is the units digit of x(11)?
3
Let l = 64898 + -35881. What is the hundreds digit of l?
0
Let j(n) be the first derivative of -355*n**2/2 + 146*n + 167. What is the thousands digit of j(-4)?
1
Let x = -179 - -183. Suppose 3*k = n + 5*k - 291, x*k + 297 = n. What is the hundreds digit of n?
2
Suppose 0 = -2*m + 4*h, 0 = -2*m - 2*m + 3*h + 10. Let r = 5 + m. Let j(a) = -a**3 + 9*a**2 + 8*a + 7. What is the units digit of j(r)?
9
Let l(k) = -5*k**2 - 22*k - 16. Let w be l(-3). Suppose -w*i = 2*j + 1326 - 4258, j + 4*i - 1463 = 0. What is the thousands digit of j?
1
Let k = 24844 - 16554. What is the tens digit of k?
9
Let v = 11558 - 2811. What is the thousands digit of v?
8
Suppose 480817 = 10*n + 116065 - 135208. What is the thousands digit of n?
9
Suppose 2*c = -5*k + 114473, 41*c - 42*c - 68675 = -3*k. What is the tens digit of k?
9
Let d be (15/(-30))/(-1*(-1)/(-6)). Suppose 1262 = 3*c + 5*u + 175, -2*c + 693 = -d*u. What is the units digit of c?
4
Let i(t) = -t - 2. Let b be i(9). What is the units digit of 9/15*(b - -6) - -284?
1
Let g(z) = -2*z + 740 - 745 + 0*z. Let h be g(-6). Suppose -104 = -h*f - f. What is the units digit of f?
3
Let h = 24 - 13. Suppose 4*k - 1 = h. Suppose k*y + v - 217 = 0, -12 = -y + 4*v + 43. What is the units digit of y?
1
What is the ten thousands digit of 2 + (-8)/7 + 24565706/518?
4
Let z(h) = -h**3 + 2*h**2 + 2*h + 657. Let b be z(0). Suppose 0 = -10*d + 2667 - b. What is the units digit of d?
1
Suppose -3*o - 2*o - 2*g - 180 = 0, -3*g = 0. Let s be 23/(14/36 + 8/o). Let j = s - 96. What is the tens digit of j?
4
Suppose -2*l + 809 = -3*o, -5*l + o = -564 - 1439. Suppose -9*b = 1048 - l. Let r = 11 - b. What is the tens digit of r?
8
Suppose -2*v + 3*l - 2167 = -0*l, 5*v - 4*l + 5407 = 0. Let h = -728 - v. What is the tens digit of h?
5
Suppose 0 = 3*f - f - w + 170, -3*f + w = 256. Let l(r) = 11*r + 13. Let p be l(13). Let a = p + f. What is the tens digit of a?
7
Suppose 31 = 2*j + 53. Let x(s) = -s**3 - 10*s**2 + 11*s + 24. Let y be x(j). What is the units digit of ((-18)/(-12))/(2/y)?
8
Let i = -266 + 270. What is the tens digit of 0 + i/10 + (-3892)/(-20)?
9
What is the hundreds digit of (-22894)/(-4) + 14*30/(-840)?
7
Let z(h) = h**3 + 32*h**2 + 49*h - 114. What is the tens digit of z(-29)?
8
Let l = 254 - 597. Let b = -203 - l. Suppose 42 - b = -2*x. What is the units digit of x?
9
Suppose 0 = k + 3*v - 4*v + 13, -4*k = -v + 37. Let c(h) = 3*h**2 - 12*h + 16. What is the units digit of c(k)?
4
Let s(y) = 19*y**2 + 42*y + 204. What is the hundreds digit of s(-25)?
0
Let b(w) = 20*w**2 - 405*w - 378. What is the thousands digit of b(58)?
3
Suppose -50 = 2*l - 0*l. Let a = 7 + l. What is the units digit of ((-6)/4)/(3/a)?
9
Suppose 31832 = 15*v - v - 10*v. What is the thousands digit of v?
7
Let d = -617 - 159. Let w = d + 789. What is the tens digit of w?
1
Let r = -3436 - -1626. Let c be -4 + r/(-20) + (-1)/(-2). Let p = 294 - c. What is the units digit of p?
7
Let x = 157011 - 97534. What is the units digit of x?
7
Let o(g) = g - 3. Let k be o(6). Suppose -k*c + 29 = -13. Suppose 1768 = c*d - 38. What is the units digit of d?
9
Let z(r) = 53*r - 211. Let t be z(4). What is the hundreds digit of 1 - (-174 - -5 - t)?
1
Let j = -10548 + 27022. What is the tens digit of j?
7
Let j(q) = q**3 - 70*q**2 - 113*q - 2555. What is the tens digit of j(77)?
4
Suppose 26*q - 138 + 34 = 0. Let m = 6 - 4. Suppose -5*i = 5*h - 510, -q*h - 95 = -m*i + 103. What is the tens digit of i?
0
Let g be (-6)/24 - (64865/(-20) + 4). Let t = g - 2269. What is the tens digit of t?
7
Suppose -18*t = -3*g - 19*t + 27344, t + 18216 = 2*g. What is the thousands digit of g?
9
Let j be 12/(-28) + (-736)/14. Let x = j - -188. Suppose 5*o + 4*t - 86 = 51, -5*t = 5*o - x. What is the tens digit of o?
2
Let x = 405 + -403. Suppose -q = 3*z - 844, -184 = -x*q + 5*z + 1482. What is the units digit of q?
8
Suppose -11*a - 51896 = -191123. What is the ten thousands digit of a?
1
Suppose 6*j = 122 + 712. Let b = j + -131. Let w = b + 293. What is the hundreds digit of w?
3
Suppose m - 3 = -d + 111, 0 = 2*m - 2*d - 240. Suppose 0 = -r - 0*h + h - m, -591 = 5*r + h. What is the hundreds digit of (-3 - -4 - 2)*r?
1
Let d(x) be the third derivative of 0 + 1/24*x**4 - 6*x**2 + 0*x + x**3. What is the units digit of d(-5)?
1
Let v(k) = -k**2 + 10*k - 13. Let l be v(8). Let w be 45/6 + l/6. Let f(u) = -u**3 + 8*u**2 + 2*u - 12. What is the units digit of f(w)?
4
What is the units digit of 5563 - 1 - (560/7)/(-10)?
0
Let t = -44129 - -89080. What is the ten thousands digit of t?
4
Let g(f) = 1404*f + 4679. What is the units digit of g(14)?
5
Let z(n) = 10*n**2 + 5*n + 1. Let c be z(-4). Suppose -2*u = -3*y + 31 + c, -5*y = 3*u - 274. What is the units digit of -213*(4 + y/(-12))?
2
Let t = -25 - -25. Suppose 0 = -59*n + 57*n - 4*c + 1402, -5*n - 4*c + 3517 = t. What is the tens digit of n?
0
Let i = 136 - 112. What is the units digit of (2384/i - -9) + 3/(-9)?
8
Let f(z) = -z - 3. Let v be f(6). Let y = 19 + v. Suppose 3*c - 2*l = -0*c + 218, 0 = -5*l + y. What is the tens digit of c?
7
Suppose -5*y + 22 = 6*y. Suppose -245 = -y*a + a. What is the hundreds digit of a?
2
Suppose 9756 = 10*a - 38884. What is the tens digit of a?
6
Suppose 226*a - 227*a + 3 = 0, -3*a = 2*f - 132929. What is the units digit of f?
0
Let o be 9/2*20/(-3). Let i = -18 + o. What is the units digit of ((-612)/i)/((-6)/(-16))?
4
Let a(w) = -w**3 + 7*w**2 - 7*w + 3. Let v be a(6). What is the hundreds digit of (5 - (2 + v)) + 663?
6
Let a be (-68)/(-3)*(-6)/(-4)*-26. Let u = a + 1447. What is the units digit of u?
3
Let z = 2459 - -25877. What is the units digit of z?
6
What is the thousands digit of ((-30435)/(-9) - (-201)/(-67)) + (-1)/(-3)?
3
Suppose 0 = 18*n + 101*n - 1448392 - 2200267. What is the tens digit of n?
6
Let s(y) = -y**3 - 11*y**2 + 6*y - 7. Let t be s(-11). Let j = t - -79. What is the tens digit of j/63*-3 + 912/7?
3
Suppose -1786 = -c - 5*t + 8669, 5*c - 52303 = 3*t. What is the hundreds digit of c?
4
Let m(g) = 31*g**2 + 37*g - 14. Let d(a) = 6*a**2 + 7*a - 3. Let s(f) = 11*d(f) - 2*m(f). What is the tens digit of s(9)?
4
Suppose -2*l - 7 + 11 = 0. Suppose 11 = 2*g - r, -l*g - r = -0*r - 9. Suppose -350 - 430 = -g*b. What is the units digit of b?
6
Let n = -82 - -84. What is the hundreds digit of (-5655)/(-20) + -2 - n/(-8)?
2
Let v(f) = 11 - 104*f + 104*f + 5*f**2. Let s = 46 + -41. What is the tens digit of v(s)?
3
Suppose -15 = -3*u + 6. Suppose -q + 4 = u. What is the units digit of (-85)/(-20) + q/(-4)?
5
Let t = -49 + 50. Let l be 951/(-15) + t + 12/(-20). Let o = l + 142. What is the tens digit of o?
7
Suppose 3*r = -139 + 145. Suppose 1691 = 3*x + 2*o - o, -5*x = -r*o - 2822. What is the tens digit of x?
6
Suppose 6*c + 684 = 3*c - 2*l, c = 2*l - 220. Let o = c - -414. What is the units digit of o?
8
Let m = 293 + -277. What is the units digit of -3 + 39/104 + 21178/m?
1
Suppose -5*t = -6*t + 27. Suppose -4*k - 6 = y, 9 - t = 3*y - 5*k. Let z(p) = -p**3 - 5*p**2 - 13*p - 14. What is the hundreds digit of z(y)?
1
Let z(p) = -657*p - 847. What is the tens digit of z(-17)?
2
Let z be (-124)/3 - (-18)/(-27). Let g be 2 + -2 + (-1 - z). Let y = 55 - g. What is the tens digit of y?
1
Suppose 0 = 7542*n - 7577*n + 809200. What is the ten thousands digit of n?
2
Suppose -2*o = -5*y + 7*y + 2, 2*y = -3*o - 1. Let c be (4/(2 + -4))/y - -4. Let k(b) = 2*b**3 - 4*b**2 - 15*b - 3. What is the units digit of k(c)?
2
Suppose -799 + 7 = -4*o + 4*p, -3*o = -2*p - 597. Suppose 4*d + 9 = o. What is the units digit of d?
8
Let z(d) = 24*d - 147. Let c be z(13). Suppose c = 102*h - 101*h. What is the units digit of h?
5
Suppose 0 = -0*f - f + 2*r + 741, 0 = -2*r + 4. Suppose -f = -u - 99. What is the hundreds digit of u?
6
Let z(g) = 6*g**2 - 26*g + 339. What is the